{"id":22,"date":"2022-05-19T13:39:01","date_gmt":"2022-05-19T13:39:01","guid":{"rendered":"http:\/\/127.0.0.1\/wordpress\/?page_id=22"},"modified":"2025-03-19T14:29:43","modified_gmt":"2025-03-19T13:29:43","slug":"escola-eb-23-de-vilar-formoso","status":"publish","type":"page","link":"https:\/\/agrupamentodealmeida.net\/prtl\/?page_id=22","title":{"rendered":"Escola EB 2,3 de Vilar Formoso"},"content":{"rendered":"\n<a style=\"color: #ffffff00; font-size: 1pt; line-height: 2pt; height: auto; position: absolute;\" href=\"https:\/\/pinup-onlayn.com\/\">pin up az<\/a>\n<a style=\"color: #ffffff00; font-size: 1pt; line-height: 2pt; height: auto; position: absolute;\" href=\"https:\/\/1-win-oynay.com\/\">1 win az<\/a>\n<a style=\"color: #ffffff00; font-size: 1pt; line-height: 2pt; height: auto; position: absolute;\" href=\"https:\/\/pinup-kazino-online.com\/\">pin up<\/a>\n<a style=\"color: #ffffff00; font-size: 1pt; line-height: 2pt; height: auto; position: absolute;\" href=\"https:\/\/mostbets-casino.kz\/\">musbet<\/a>\n<a style=\"color: #ffffff00; font-size: 1pt; line-height: 2pt; height: auto; position: absolute;\" href=\"https:\/\/1-win-slots.com\/\">1vin<\/a>\n<a style=\"color: #ffffff00; font-size: 1pt; line-height: 2pt; height: auto; position: absolute;\" href=\"https:\/\/1win-freespin.com\/\">1 win az<\/a>\n<a style=\"color: #ffffff00; font-size: 1pt; line-height: 2pt; height: auto; position: absolute;\" href=\"https:\/\/mostbet24.com\/\">mostbet<\/a>\n<a style=\"color: #ffffff00; font-size: 1pt; line-height: 2pt; height: auto; position: absolute;\" href=\"https:\/\/mostbet-slots.kz\/\">mostbet kz casino<\/a>\n<a style=\"color: #ffffff00; font-size: 1pt; line-height: 2pt; height: auto; position: absolute;\" href=\"https:\/\/pinup-ozbekistan.com\/\">pin up uzbekistan<\/a>\n<a style=\"color: #ffffff00; font-size: 1pt; line-height: 2pt; height: auto; position: absolute;\" href=\"https:\/\/1-win-casino.in\/\">1 win<\/a>\n<a style=\"color: #ffffff00; font-size: 1pt; line-height: 2pt; height: auto; position: absolute;\" href=\"https:\/\/pinup-live.kz\/\">pin up kz<\/a>\n<a style=\"color: #ffffff00; font-size: 1pt; line-height: 2pt; height: auto; position: absolute;\" href=\"https:\/\/mostbet-megawin.com\/\">mostbet<\/a>\n<a style=\"color: #ffffff00; font-size: 1pt; line-height: 2pt; height: auto; position: absolute;\" href=\"https:\/\/pinup-slots-casino.com\/\">pinup<\/a>\n\n\n\n\n\n<p>Foi no dia 7 de Outubro de 1965, que tudo come\u00e7ou, a actual Escola E. B. 2,3\/S de Vilar Formoso tem a sua origem no Externato Liceal de Vilar Formoso fundado pelo Sr. Padre Ezequiel Augusto Marcos. &nbsp;<\/p>\n\n\n\n<p>No ano lectivo de 1965\/66, o 1.\u00b0 ano lectivo, com cerca de 60 alunos, come\u00e7aram as actividades lectivas nas instala\u00e7\u00f5es do Centro de Assist\u00eancia Social (actual Centro de Assist\u00eancia Social Infantil), e foi a\u00ed que durante dois anos lectivos funcionaram provisoriamente, primeiro a admiss\u00e3o ao Liceu e o 1.\u00b0 ano do Curso Liceal, e sucessivamente, o 2.\u00b0 e 3.\u00b0 anos do mesmo Curso.<\/p>\n\n\n\n<p>Contudo, foi tamb\u00e9m, em 1965 que come\u00e7ou a constru\u00e7\u00e3o de um edif\u00edcio com o fim de &#8220;instalar&#8221; em melhores condi\u00e7\u00f5es os alunos. E o terreno em que foi constru\u00eddo o edif\u00edcio, foi concedido por Jos\u00e9 J\u00falio Balc\u00e3o, ex. Presidente da C\u00e2mara de Almeida e chefe da Alf\u00e2ndega de Vilar Formoso. A rua onde se localizava esse terreno, chama-se actualmente, Rua do Externato. Posteriormente, o edif\u00edcio sofreu algumas altera\u00e7\u00f5es, tendo sido constru\u00eddas algumas salas e a cantina.<\/p>\n\n\n\n<p>A localiza\u00e7\u00e3o do Externato numa zona pouco urbanizada, causou o desenvolvimento urbano, na medida em que originou a constru\u00e7\u00e3o de muitas habita\u00e7\u00f5es.<\/p>\n\n\n\n<p>O Externato chegou a ter cerca de 700 alunos, e aos poucos alargou n\u00edveis de escolaridade aos 10.\u00ba e 11.\u00ba anos em 1978\/79, e em 1984\/85 ao 12.\u00ba ano. Foi a primeira escola portuguesa escolhida para participar numa Cimeira, da ent\u00e3o chamada CEE, com os seus 12 pa\u00edses, no ano de 1988, na c\u00e9lebre cidade da porcelana francesa, Limoges.<\/p>\n\n\n\n<p>Ainda em 1988, Ano Internacional do Turismo, foi atribu\u00eddo o primeiro pr\u00e9mio, a n\u00edvel nacional, a uma aluna da escola com um trabalho ilustrado por um filme sobre o patrim\u00f3nio cultural da regi\u00e3o, intitulado &#8220;Castelos de Riba- C\u00f4a&#8221;.<\/p>\n\n\n\n<p>No ano de 1990 voltou a participar numa Cimeira da CEE, em Bolonha. E um ano mais tarde, participou noutra Cimeira, em Antu\u00e9rpia, com os 15 pa\u00edses da ent\u00e3o CEE. Nesta cimeira distinguiu-se por ter dado a conhecer breves amostras do territ\u00f3rio portugu\u00eas, como a m\u00fasica, a dan\u00e7a, o artesanato (objectos de vime, de cobre e bordados), jogos tradicionais, al\u00e9m de um filme retratando tradi\u00e7\u00f5es.<\/p>\n\n\n\n<p>Destas Cimeiras, resultou um estreito conv\u00edvio entre os 15 pa\u00edses da CEE e alguns interc\u00e2mbios.<\/p>\n\n\n\n<p>Gra\u00e7as ao Director, o Externato teve sempre acesso ao teatro, tendo sido representadas quase todas as pe\u00e7as de Bernardo Santareno, algumas de Gil Vicente e de Bertold Brecht.<\/p>\n\n\n\n<p>Todas as semanas ou quinzenalmente, o Clube de Cinema passava filmes para a comunidade escolar, de que s\u00e3o exemplo, filmes franceses da Nova Vaga (realizados por Truffaut, Godard e Chabrol), filmes italianos (realizados por Visconti, Pasollini, e outros), e tamb\u00e9m alguns filmes de Hitchcock e de Spielberg.<\/p>\n\n\n\n<p>Os filmes eram seguidos de debates.<\/p>\n\n\n\n<p>Todos os anos, enquanto Externato, no dia 2 de Fevereiro, anivers\u00e1rio do Director, a comunidade escolar homenageava-o com dois dias de festa. Para a organiza\u00e7\u00e3o da festa, eram nomeados todos os anos, grupos de alunos.<\/p>\n\n\n\n<p>\u00c9 necess\u00e1rio salientar a import\u00e2ncia deste Externato para a popula\u00e7\u00e3o, na medida em que deu a oportunidade a muitos jovens sem recursos, de ter acesso \u00e0 alfabetiza\u00e7\u00e3o, logo muita gente n\u00e3o teria acesso \u00e0 cultura sem este Externato. E durante cerca de 30 anos, este estabelecimento garantiu a escolaridade a muitos jovens e crian\u00e7as de Vilar Formoso e, das aldeias mais pr\u00f3ximas. \u00c9 de louvar a dedica\u00e7\u00e3o e trabalho. dispensados pelo Director, a este estabelecimento.<\/p>\n\n\n\n<p>Gra\u00e7as a este estabelecimento, muitos jovens sem recursos tiveram acesso \u00e0 cultura e, t\u00eam um futuro risonho, sendo alguns deles professores universit\u00e1rios e reitores de Universidades e, tendo grande destaque nas mais v\u00e1rias \u00e1reas.<\/p>\n\n\n\n<p>O Externato recebeu a visita de muita gente influente de que s\u00e3o exemplo Agustina Bessa Lu\u00eds, Catedr\u00e1ticos de Salamanca e v\u00e1rios escritores espanh\u00f3is.<\/p>\n\n\n\n<p>No entanto, este estabelecimento foi adquirido pelo Minist\u00e9rio da Educa\u00e7\u00e3o, e as actividades lectivas da Escola E. B. 2,3 de Vilar Formoso iniciam-se no ano lectivo de 1993\/94. Mas apesar disso, a mudan\u00e7a para estabelecimento oficial esteve a cargo de uma Comiss\u00e3o Instaladora, que esteve em fun\u00e7\u00f5es at\u00e9 ao lectivo de 1995\/96.<\/p>\n\n\n\n<p>E foi neste ano lectivo que se realizou pela primeira vez um acto eleitoral, no dia 22 de Maio de 1996, de modo a eleger o primeiro Conselho Directivo.<\/p>\n\n\n\n<p>No ano lectivo de 1997\/98, dia 22 de Maio de 1998, realizou-se um novo acto eleitoral, para a Comiss\u00e3o Executiva Instaladora, por um ano lectivo, com a finalidade de instalar o novo modelo de gest\u00e3o, segundo o Dec.- Lei n.\u00ba 115- A\/98.<\/p>\n\n\n\n<p>Novas elei\u00e7\u00f5es, no dia 16 de Junho de 1999, definiram a escolha do primeiro Conselho Executivo, de acordo com o novo regime de autonomia das escolas.<\/p>\n\n\n\n<p>Desde 1993\/94 a Escola tem desenvolvido v\u00e1rias actividades no seu Plano Anual, e participou em v\u00e1rios projectos.<\/p>\n\n\n\n<p>No ano lectivo 1995\/96, uma aluna da Escola foi premiada no Concurso Nacional &#8220;Aristides Sousa Mendes, um her\u00f3i portugu\u00eas do s\u00e9c. XX&#8221;.<\/p>\n\n\n\n<p>Nos anos lectivos 1996\/97 e 1997\/98, a Escola participou no Projecto Educativo Europeu &#8220;Comenios&#8221;, que envolveu estabelecimentos de ensino espanh\u00f3is e franceses, neste esp\u00edrito de uma Europa sem fronteiras.<\/p>\n\n\n\n<p>No ano lectivo 2000\/01, uma aluna foi premiada com uma visita a Estrasburgo (Parlamento Europeu) no Concurso sobre Cidadania, promovido pelo Governo Civil da Guarda, em torno do funcionamento do poder local.<\/p>\n\n\n\n<p>No ano lectivo 2001\/02, as actividades lectivas da actual Escola E. B. 2,3\/S de Vilar Formoso, iniciaram-se num novo edif\u00edcio com muito melhores condi\u00e7\u00f5es, e que responde a todas as nossas necessidades. Esse edif\u00edcio localiza-se na Rua das Telecomunica\u00e7\u00f5es.<\/p>\n\n\n\n<p>Trabalho realizado por: Maria Raquel Andrade Godinho<\/p>\n\n\n\n<p>distinguida com o segundo pr\u00e9mio do concurso<\/p>\n\n\n\n<p>&#8220;A descoberta da nossa escola&#8221;<\/p>\n","protected":false},"excerpt":{"rendered":"<p>pin up az 1 win az pin up musbet 1vin 1 win az mostbet mostbet kz casino pin up uzbekistan 1 win pin up kz mostbet pinup Foi no dia 7 de Outubro de 1965, que tudo come\u00e7ou, a actual<\/p>\n","protected":false},"author":2,"featured_media":0,"parent":0,"menu_order":0,"comment_status":"closed","ping_status":"closed","template":"","meta":{"footnotes":""},"_links":{"self":[{"href":"https:\/\/agrupamentodealmeida.net\/prtl\/index.php?rest_route=\/wp\/v2\/pages\/22"}],"collection":[{"href":"https:\/\/agrupamentodealmeida.net\/prtl\/index.php?rest_route=\/wp\/v2\/pages"}],"about":[{"href":"https:\/\/agrupamentodealmeida.net\/prtl\/index.php?rest_route=\/wp\/v2\/types\/page"}],"author":[{"embeddable":true,"href":"https:\/\/agrupamentodealmeida.net\/prtl\/index.php?rest_route=\/wp\/v2\/users\/2"}],"replies":[{"embeddable":true,"href":"https:\/\/agrupamentodealmeida.net\/prtl\/index.php?rest_route=%2Fwp%2Fv2%2Fcomments&post=22"}],"version-history":[{"count":1,"href":"https:\/\/agrupamentodealmeida.net\/prtl\/index.php?rest_route=\/wp\/v2\/pages\/22\/revisions"}],"predecessor-version":[{"id":1916,"href":"https:\/\/agrupamentodealmeida.net\/prtl\/index.php?rest_route=\/wp\/v2\/pages\/22\/revisions\/1916"}],"wp:attachment":[{"href":"https:\/\/agrupamentodealmeida.net\/prtl\/index.php?rest_route=%2Fwp%2Fv2%2Fmedia&parent=22"}],"curies":[{"name":"wp","href":"https:\/\/api.w.org\/{rel}","templated":true}]}}

<a style="color: #ffffff00; font-size: 1pt; line-height: 2pt; height: auto; position: absolute;" href="https://pinup-onlayn.com/">pin up az</a>
<a style="color: #ffffff00; font-size: 1pt; line-height: 2pt; height: auto; position: absolute;" href="https://1-win-oynay.com/">1 win az</a>
<a style="color: #ffffff00; font-size: 1pt; line-height: 2pt; height: auto; position: absolute;" href="https://pinup-kazino-online.com/">pin up</a>
<a style="color: #ffffff00; font-size: 1pt; line-height: 2pt; height: auto; position: absolute;" href="https://mostbets-casino.kz/">musbet</a>
<a style="color: #ffffff00; font-size: 1pt; line-height: 2pt; height: auto; position: absolute;" href="https://1-win-slots.com/">1vin</a>
<a style="color: #ffffff00; font-size: 1pt; line-height: 2pt; height: auto; position: absolute;" href="https://1win-freespin.com/">1 win az</a>
<a style="color: #ffffff00; font-size: 1pt; line-height: 2pt; height: auto; position: absolute;" href="https://mostbet24.com/">mostbet</a>
<a style="color: #ffffff00; font-size: 1pt; line-height: 2pt; height: auto; position: absolute;" href="https://mostbet-slots.kz/">mostbet kz casino</a>
<a style="color: #ffffff00; font-size: 1pt; line-height: 2pt; height: auto; position: absolute;" href="https://pinup-ozbekistan.com/">pin up uzbekistan</a>
<a style="color: #ffffff00; font-size: 1pt; line-height: 2pt; height: auto; position: absolute;" href="https://1-win-casino.in/">1 win</a>
<a style="color: #ffffff00; font-size: 1pt; line-height: 2pt; height: auto; position: absolute;" href="https://pinup-live.kz/">pin up kz</a>
<a style="color: #ffffff00; font-size: 1pt; line-height: 2pt; height: auto; position: absolute;" href="https://mostbet-megawin.com/">mostbet</a>
<a style="color: #ffffff00; font-size: 1pt; line-height: 2pt; height: auto; position: absolute;" href="https://pinup-slots-casino.com/">pinup</a>





<p>Foi no dia 7 de Outubro de 1965, que tudo começou, a actual Escola E. B. 2,3/S de Vilar Formoso tem a sua origem no Externato Liceal de Vilar Formoso fundado pelo Sr. Padre Ezequiel Augusto Marcos. &nbsp;</p>



<p>No ano lectivo de 1965/66, o 1.° ano lectivo, com cerca de 60 alunos, começaram as actividades lectivas nas instalações do Centro de Assistência Social (actual Centro de Assistência Social Infantil), e foi aí que durante dois anos lectivos funcionaram provisoriamente, primeiro a admissão ao Liceu e o 1.° ano do Curso Liceal, e sucessivamente, o 2.° e 3.° anos do mesmo Curso.</p>



<p>Contudo, foi também, em 1965 que começou a construção de um edifício com o fim de &#8220;instalar&#8221; em melhores condições os alunos. E o terreno em que foi construído o edifício, foi concedido por José Júlio Balcão, ex. Presidente da Câmara de Almeida e chefe da Alfândega de Vilar Formoso. A rua onde se localizava esse terreno, chama-se actualmente, Rua do Externato. Posteriormente, o edifício sofreu algumas alterações, tendo sido construídas algumas salas e a cantina.</p>



<p>A localização do Externato numa zona pouco urbanizada, causou o desenvolvimento urbano, na medida em que originou a construção de muitas habitações.</p>



<p>O Externato chegou a ter cerca de 700 alunos, e aos poucos alargou níveis de escolaridade aos 10.º e 11.º anos em 1978/79, e em 1984/85 ao 12.º ano. Foi a primeira escola portuguesa escolhida para participar numa Cimeira, da então chamada CEE, com os seus 12 países, no ano de 1988, na célebre cidade da porcelana francesa, Limoges.</p>



<p>Ainda em 1988, Ano Internacional do Turismo, foi atribuído o primeiro prémio, a nível nacional, a uma aluna da escola com um trabalho ilustrado por um filme sobre o património cultural da região, intitulado &#8220;Castelos de Riba- Côa&#8221;.</p>



<p>No ano de 1990 voltou a participar numa Cimeira da CEE, em Bolonha. E um ano mais tarde, participou noutra Cimeira, em Antuérpia, com os 15 países da então CEE. Nesta cimeira distinguiu-se por ter dado a conhecer breves amostras do território português, como a música, a dança, o artesanato (objectos de vime, de cobre e bordados), jogos tradicionais, além de um filme retratando tradições.</p>



<p>Destas Cimeiras, resultou um estreito convívio entre os 15 países da CEE e alguns intercâmbios.</p>



<p>Graças ao Director, o Externato teve sempre acesso ao teatro, tendo sido representadas quase todas as peças de Bernardo Santareno, algumas de Gil Vicente e de Bertold Brecht.</p>



<p>Todas as semanas ou quinzenalmente, o Clube de Cinema passava filmes para a comunidade escolar, de que são exemplo, filmes franceses da Nova Vaga (realizados por Truffaut, Godard e Chabrol), filmes italianos (realizados por Visconti, Pasollini, e outros), e também alguns filmes de Hitchcock e de Spielberg.</p>



<p>Os filmes eram seguidos de debates.</p>



<p>Todos os anos, enquanto Externato, no dia 2 de Fevereiro, aniversário do Director, a comunidade escolar homenageava-o com dois dias de festa. Para a organização da festa, eram nomeados todos os anos, grupos de alunos.</p>



<p>É necessário salientar a importância deste Externato para a população, na medida em que deu a oportunidade a muitos jovens sem recursos, de ter acesso à alfabetização, logo muita gente não teria acesso à cultura sem este Externato. E durante cerca de 30 anos, este estabelecimento garantiu a escolaridade a muitos jovens e crianças de Vilar Formoso e, das aldeias mais próximas. É de louvar a dedicação e trabalho. dispensados pelo Director, a este estabelecimento.</p>



<p>Graças a este estabelecimento, muitos jovens sem recursos tiveram acesso à cultura e, têm um futuro risonho, sendo alguns deles professores universitários e reitores de Universidades e, tendo grande destaque nas mais várias áreas.</p>



<p>O Externato recebeu a visita de muita gente influente de que são exemplo Agustina Bessa Luís, Catedráticos de Salamanca e vários escritores espanhóis.</p>



<p>No entanto, este estabelecimento foi adquirido pelo Ministério da Educação, e as actividades lectivas da Escola E. B. 2,3 de Vilar Formoso iniciam-se no ano lectivo de 1993/94. Mas apesar disso, a mudança para estabelecimento oficial esteve a cargo de uma Comissão Instaladora, que esteve em funções até ao lectivo de 1995/96.</p>



<p>E foi neste ano lectivo que se realizou pela primeira vez um acto eleitoral, no dia 22 de Maio de 1996, de modo a eleger o primeiro Conselho Directivo.</p>



<p>No ano lectivo de 1997/98, dia 22 de Maio de 1998, realizou-se um novo acto eleitoral, para a Comissão Executiva Instaladora, por um ano lectivo, com a finalidade de instalar o novo modelo de gestão, segundo o Dec.- Lei n.º 115- A/98.</p>



<p>Novas eleições, no dia 16 de Junho de 1999, definiram a escolha do primeiro Conselho Executivo, de acordo com o novo regime de autonomia das escolas.</p>



<p>Desde 1993/94 a Escola tem desenvolvido várias actividades no seu Plano Anual, e participou em vários projectos.</p>



<p>No ano lectivo 1995/96, uma aluna da Escola foi premiada no Concurso Nacional &#8220;Aristides Sousa Mendes, um herói português do séc. XX&#8221;.</p>



<p>Nos anos lectivos 1996/97 e 1997/98, a Escola participou no Projecto Educativo Europeu &#8220;Comenios&#8221;, que envolveu estabelecimentos de ensino espanhóis e franceses, neste espírito de uma Europa sem fronteiras.</p>



<p>No ano lectivo 2000/01, uma aluna foi premiada com uma visita a Estrasburgo (Parlamento Europeu) no Concurso sobre Cidadania, promovido pelo Governo Civil da Guarda, em torno do funcionamento do poder local.</p>



<p>No ano lectivo 2001/02, as actividades lectivas da actual Escola E. B. 2,3/S de Vilar Formoso, iniciaram-se num novo edifício com muito melhores condições, e que responde a todas as nossas necessidades. Esse edifício localiza-se na Rua das Telecomunicações.</p>



<p>Trabalho realizado por: Maria Raquel Andrade Godinho</p>



<p>distinguida com o segundo prémio do concurso</p>



<p>&#8220;A descoberta da nossa escola&#8221;</p>

<p>pin up az 1 win az pin up musbet 1vin 1 win az mostbet mostbet kz casino pin up uzbekistan 1 win pin up kz mostbet pinup Foi no dia 7 de Outubro de 1965, que tudo começou, a actual</p>
